-2)/(-85732)) a prime number?
True
Let j be ((-6)/9)/((64/180)/(-8)). Let w(n) = j - 26 + 15*n - 41*n. Is w(-5) a composite number?
True
Let l = -69 - -69. Suppose 0 = -4*x - n - l*n + 14, -2*x = -3*n - 14. Suppose 4*t - o = 4225, -2*o - 4210 = -4*t - x*o. Is t composite?
True
Suppose 119*t - 124*t + h = -1469910, 4*t - 3*h - 1175917 = 0. Is t a composite number?
False
Let v be 25 + -24 + (-9)/(-3). Suppose b - 5*f = 3647, v*f - 36 + 44 = 0. Is b a composite number?
False
Let o(q) be the second derivative of 467*q**3/6 + 41*q**2/2 - 124*q. Is o(8) a prime number?
False
Let v(l) = 195*l**3 + 7*l**2 + 3*l - 1. Let j be (2/(-10) + (-56)/120)*-6. Is v(j) composite?
True
Let s(h) = -h**3 - 3*h**2 + 5*h + 12. Let z be s(-4). Suppose -9*f = -z*f - 131. Suppose 5485 = 136*m - f*m. Is m a composite number?
False
Is 46021/((21 - 16)/5) a prime number?
True
Let d(q) = -2*q - 18. Let k be d(-11). Let y(j) = -95*j - 33. Let z be y(-18). Suppose -z = -k*i - 5*m, i + 801 = 3*i - 5*m. Is i a prime number?
False
Let v = -216107 - -319916. Is v a composite number?
True
Suppose 7 + 1 = 4*c - 2*u, -4*c = -3*u - 12. Is (-41962)/6*(c + -3) a composite number?
False
Suppose j - 56 + 59 = 0, 0 = -3*m - 4*j + 681885. Is m a composite number?
False
Let b be 7279/6*-2*-6. Let p = -8079 + b. Suppose -14*x = -25*x + p. Is x composite?
True
Suppose 0*x = 4*x - 68. Suppose -2*v - x*v = -5909. Is v a prime number?
True
Let a = 389 + -381. Is (-538)/((-40)/a + 3) composite?
False
Suppose 4466621 = 20*l + 1075524 - 3089123. Is l a composite number?
False
Suppose 3*h + 16700 = 7*h + 2*s, -2*s = -h + 4170. Let r = h + -2517. Is r prime?
True
Let b(t) = -10*t + 2*t + 6*t - 1 + t. Let r be b(-7). Suppose p - 765 = -w, 4 = 5*w - r. Is p composite?
True
Suppose 0 = 8*f - 11*f + 18. Let a(b) = 126*b**2 + 8*b + 25. Is a(f) a composite number?
True
Suppose -13*m + 14*m = -19. Let a = -29 - m. Is (-5594)/(-5) + -2 + (-2)/a composite?
False
Suppose -a + 10770 = 4*a. Let t(c) = 114*c**3 + 6*c**2 - c - 14. Let r be t(3). Suppose 5*f - r = p, -5*f + 5*p + 961 = -a. Is f a prime number?
False
Let c(x) = 2099*x**2 - 78*x - 453. Is c(-14) composite?
True
Let f = -66 - -62. Let i be (2 - 2/4)*f. Is -4*(i/(-27) - (-5900)/(-144)) a prime number?
True
Let v be (-45644)/6*396/(-24). Suppose v = 24*m - 13*m. Is m a composite number?
False
Suppose -9*n = -6*n - 15, 3*x - n = 3004. Is x*((-3)/9)/((-5)/15) a composite number?
True
Let v(n) = n**3 - 10*n**2 - 44*n + 10. Let q be v(18). Suppose 3666 - 508 = l + 5*m, 4 = 4*m. Let i = l + q. Is i prime?
False
Let y = 30 - 28. Suppose 2*x + y*x = 4. Is ((-2)/1)/(x/(4660/(-8))) a prime number?
False
Is 1950695/55 - (-22)/(-121) a prime number?
False
Suppose 2*t - 4*t + 12628 = 0. Let r be (4337*16/(-24))/((-6)/9 - 0). Let y = t - r. Is y a prime number?
False
Let j(y) = 144*y**2 + 117*y - 1051. Is j(10) prime?
True
Let b be -2*(-7)/(-70) - (-97226)/5. Suppose -4*i + 5*i = 4*a + b, -58335 = -3*i - a. Is i composite?
True
Suppose -7*i = -11*i - 212. Let a be 9*(-2)/(6/i). Is (-1)/(156/a - 1) prime?
True
Let w(l) = 3*l + 204. Let p be w(0). Suppose 0 = -s - 3*s + p. Suppose -378 = -3*m + s. Is m prime?
False
Is ((-10281864)/(-72) + 10)*3 composite?
True
Let z = -29 - -6. Let d = -19 - z. Suppose 5*q = d*f + 3355, 2*q - 3*f = -518 + 1867. Is q prime?
False
Is (-6 - (-3858008)/42)/((-8)/(-12)) composite?
False
Let y = 1683 - -6062. Is y a prime number?
False
Let y = 157 - 151. Is (1039118/159)/(2/y) composite?
True
Let d be 14 + -3 - 5 - -59128. Suppose -13*a + 3279 = -d. Is a prime?
True
Let r(w) = -3*w**3 - 90*w**2 - 579*w + 25. Is r(-51) a composite number?
True
Let z = 88 + 31. Let a = 251 - z. Let d = -79 + a. Is d a composite number?
False
Let q be (((-3)/(-6))/1)/((-2)/(-12)). Let p be (110/(-15)*-61)/(1/q). Suppose 284 = -2*j + p. Is j prime?
False
Suppose -4*q = 4*o - 6 - 6, 4*o - 3*q = 5. Suppose 0 = -5*w - 5*g + 265, w = 5*w - 3*g - 191. Suppose -o*h + w = 4. Is h composite?
False
Suppose h - 2*r - r - 29443 = 0, -4*r + 88329 = 3*h. Is h prime?
True
Let i = -62158 - -145239. Is i composite?
True
Let o(l) be the first derivative of -l**2/2 - 14. Let w be o(-6). Suppose -2*v = w*y - 3*y - 441, 4*v - 733 = -5*y. Is y composite?
False
Let i(n) = -75*n**3 - 5*n**2 - 116*n - 289. Is i(-21) a composite number?
True
Let g be -9 + 2 - (6 + -2). Let p = -13 - g. Is 2/(-6)*-159 + p a prime number?
False
Let p(o) = 63*o**2 - 51*o - 391. Is p(-32) prime?
False
Let b(l) be the first derivative of 5*l**3 + 9*l**2/2 + 11*l - 82. Is b(7) prime?
True
Suppose -b = 8498 + 169. Is b*(-3 - -2) + 72/(-18) prime?
True
Is 6/(-21) - (2071160/(-98) - 11) prime?
False
Let f(t) = 67*t**2 - 953*t + 13. Is f(-6) prime?
False
Suppose -17*g = -15*g + 5*w - 504792, 252387 = g + 4*w. Is g composite?
True
Let z = 692 - 480. Suppose 2*n - 452 = z. Is (n/10)/((-13)/(-65)) a composite number?
True
Let v(z) = z**3 + 40*z**2 - 31*z - 521. Is v(-18) a prime number?
False
Let w(u) = -19 + 9*u - 18*u - 31*u. Let a(r) = -r. Let g be a(6). Is w(g) prime?
False
Is -11 + 11 + (61747 - -4) prime?
True
Let h be (-9 - -7 - (-4)/1) + -1. Let s be (11 - 3)/h - 3. Suppose -s*f + i + 3366 = 0, -4*i + 0*i = 3*f - 2015. Is f composite?
False
Let b(w) = w**3 - w**2 - 4*w + 10417. Is b(0) composite?
True
Let m(o) = 346*o - 8. Let v(i) = 692*i - 15. Let l(k) = 7*m(k) - 3*v(k). Let y be l(7). Let r = y + -1708. Is r a prime number?
False
Let x(j) = 6*j**3 - j**2 - j. Let o be x(-1). Let m(c) = -39*c - 34. Let u(l) = 13*l + 17. Let t(y) = 6*m(y) + 13*u(y). Is t(o) a prime number?
False
Suppose 0 = -4*x + 6*x - 2, -5312 = z - x. Let w = -3554 - z. Is w composite?
True
Let m(o) = -o + 8. Let k be m(0). Let a(l) = 11*l**3 - l**2 - 25*l - 17. Is a(k) a prime number?
True
Suppose -2*k = -3 - 7. Suppose -4*p - 7 = -5*j - p, 4*j - k*p = 3. Suppose j*n - 7*n = -3*x + 583, -4*n = -2*x + 390. Is x composite?
False
Let h = -41965 - -144588. Is h a prime number?
False
Suppose 0*s = 5*s + 45. Let l = -494 + 494. Is (-6)/s + 2821/3 + l prime?
True
Suppose 100*n + 209128 = 108*n. Is n composite?
False
Suppose -4*a - y + 529 = 1863, -4 = 2*y. Is 37/a + 46702/9 a prime number?
True
Let c = 11 + 11. Suppose 3*v + c = 4. Is 22/(-33) + (-1522)/v a prime number?
False
Let z = 173478 - 117241. Is z prime?
True
Suppose 15*q - 422 = 478. Let d be (q/(-14))/((6/14)/(-3)). Is d/(-50) + -469*(-4)/10 composite?
True
Is 3/(-8) + 0 + (-926803940)/(-1376) composite?
False
Let l = 68 - -51. Let z = -633 - -636. Suppose -z*a = -2*x + l, -6*x + 3*a + 284 = -x. Is x composite?
True
Let j = 178 + 212. Let c = j - 211. Is c prime?
True
Let i(k) = -88493*k**3 + 3*k**2 - 2*k - 25. Is i(-2) composite?
True
Suppose 3*q = 14*q + 429. Is 1/3 - 15236/q a composite number?
True
Let b(k) = -35 + 55*k + 17*k + 45*k. Suppose -293*v = -706 - 1052. Is b(v) composite?
True
Let w(c) = 584*c + 1. Let n(p) = 2344*p + 6. Let m(v) = 2*n(v) - 9*w(v). Suppose 4 + 1 = -t. Is m(t) a prime number?
True
Let q = 132330 - 23759. Is q prime?
True
Let t(r) = 61*r**2 + 24*r + 868. Is t(-159) composite?
False
Let t(m) = 4*m - 29. Let y be t(9). Let n = 4 - y. Is (-24206)/(-42) + (-2)/n a composite number?
False
Let o = -58 - -54. Let g be 1151/6*2 - o/(-6). Suppose -2*j = 5*y - g, -3*j + 4*y + 151 = -366. Is j a prime number?
True
Suppose 5*m + 4 = 29. Suppose 0*w + 2190 = -2*z - 4*w, -m*w = -10. Let i = z + 1686. Is i a composite number?
False
Is -1*(-2 - -1)/(((-144)/2482938)/(-8)) composite?
False
Suppose 0 = 1513*m - 1557*m + 20640884. Is m a prime number?
False
Suppose 3*v - 5*c = v + 28, 3*c = v - 15. Suppose -3*h - 6 = 0, -5*m - 3*h = -0*h - v. Suppose 0 = m*i + 74 - 1421. Is i prime?
True
Let n be (-42)/(-4)*((-8)/(-6))/(-2). Let j(l) = 2*l**2 + 15*l + 10. Let t be j(n). Suppose 5*w - 3*c = -0*c + 7408, t = -3*c. Is w a composite number?
False
Let p(t) = -t**2 + 12*t - 6. Let s be p(11). Suppose -4*i - 5 = -s*i. Suppose -5*c = 4*l - 7707, 2*c - i*l = 4*c - 3076. Is c a prime number?
True
Is 3207 + 1 + 132/(-12) composite?
True
Let s(k) = 6*k**2 + 31*k - 5. Let a = 126 - 134. Is s(a) composite?
False
Let y(n) = -n**2 - 380*n + 73. Is y(-64) prime?
True
Let a(t) = -82*t + 28. Let s be a(1). Is 54878/18 + -6 + (-336)/s composite?
False
Suppose -2*n - 5 = 4*w - 7, 4*w - 